 + 1159*l - 8. Determine u(-2).
-378
Let n(h) = 401*h - 4035. Give n(11).
376
Let b(f) = -1803*f - 61095. Calculate b(-34).
207
Let p(i) = i**3 + 6*i**2 - 1245*i - 9831. Calculate p(-8).
1
Let j(r) = r**2 - 23739*r - 594100. Determine j(-25).
0
Let z(c) = -37*c**2 - 553*c - 397. Determine z(-1).
119
Let i(o) = -o**2 - 14*o + 106. Determine i(-18).
34
Let f(j) = -24*j**2 - 305*j - 268. Give f(-1).
13
Let l(q) = -q**2 + 4135*q - 586248. What is l(147)?
-12
Let q(n) = 224*n + 22917. Give q(-104).
-379
Let b(n) = -176*n**2 + 12*n + 85. Determine b(-1).
-103
Let t(l) = -93*l**2 + 1620*l - 4854. Calculate t(3).
-831
Let p(i) = 64*i**3 - 21*i**2 + 18*i + 38. Give p(-1).
-65
Let y(t) = 8*t**3 - 240*t**2 - 31*t - 99. Determine y(30).
-1029
Let y(x) = 950*x + 18095. What is y(-19)?
45
Let l(u) = 2*u**3 + 40*u**2 - 204*u - 15. Calculate l(5).
215
Let l(d) = -d**2 + 1083*d - 9736. Calculate l(9).
-70
Let t(c) = 165*c + 9114. Calculate t(-66).
-1776
Let p(m) = 202*m - 4481. Determine p(10).
-2461
Let r(n) = -4*n**3 - 22*n**2 + 63*n - 98. What is r(-8)?
38
Let k(z) = 178*z**2 - 4754*z + 4. Give k(26).
-3272
Let u(d) = 2161*d + 101610. Determine u(-47).
43
Let u(n) = 4*n**3 - 88*n**2 - 21*n + 62. Calculate u(22).
-400
Let i(w) = w**3 - 124*w**2 + 491*w - 15473. Give i(121).
15
Let a(m) = 25*m**2 - 706*m - 47. Determine a(29).
504
Let m(x) = x**3 - 216*x**2 - 450*x + 3047. Give m(218).
-5
Let o(b) = -18961*b + 208625. Determine o(11).
54
Let d(r) = -r**3 - 504*r**2 + 9401*r + 2595. Determine d(-522).
-15
Let d(f) = -54*f**2 - 2227*f - 101. Determine d(-41).
432
Let p(d) = d**3 + 265*d**2 + 2519*d - 7882. Determine p(-255).
23
Let l(f) = 2*f**2 + 34*f + 469. Determine l(-13).
365
Let h(i) = 91*i - 42320. Determine h(465).
-5
Let h(i) = 3*i**3 + 140*i**2 + 688*i - 297. Determine h(-41).
72
Let y(z) = z**2 + 5315*z - 327944. Give y(61).
-8
Let g(y) = -106*y - 8761. What is g(-84)?
143
Let b(r) = 3*r**2 - 890*r - 33721. What is b(-34)?
7
Let l(r) = 10074*r - 20196. What is l(2)?
-48
Let l(u) = 9*u**3 + 110*u**2 + 93*u + 621. Give l(-12).
-207
Let t(n) = -153*n**2 - 36867*n + 1456. What is t(-241)?
10
Let n(c) = -3*c**2 - 557*c + 11129. Calculate n(18).
131
Let i(h) = h**2 + 231*h - 13724. Calculate i(48).
-332
Let p(n) = -235*n**2 + 3808*n + 141. What is p(17)?
-3038
Let y(j) = -252798*j + 1516802. Give y(6).
14
Let q(x) = 1781*x**2 + 12*x + 131. What is q(0)?
131
Let b(u) = 9219*u - 2194098. Give b(238).
24
Let h(x) = -117611*x + 1764163. What is h(15)?
-2
Let b(z) = 2*z**3 - 48*z**2 - 445*z + 612. Give b(31).
271
Let a(m) = -33393*m + 601038. Give a(18).
-36
Let k(u) = 152649*u - 915895. Give k(6).
-1
Let r(u) = -5062*u**2 - 50618*u - 14. Give r(-10).
-34
Let r(y) = -3*y**2 + 1990*y + 73668. What is r(-35)?
343
Let o(d) = 5*d**3 + 5*d**2 - 217*d - 905. Determine o(-4).
-277
Let a(k) = -1088*k - 359045. Calculate a(-330).
-5
Let i(r) = -r**2 - 66*r - 1265. Determine i(-32).
-177
Let x(d) = d**3 - 10*d**2 + 19*d - 59. Give x(10).
131
Let m(f) = -8372*f + 86. Determine m(0).
86
Let d(m) = -m**3 - 12*m**2 - 56*m - 1493. Give d(-15).
22
Let l(w) = 2*w**3 + 243*w**2 - 613*w + 665. Give l(-124).
-203
Let a(c) = 929983*c - 2789941. Give a(3).
8
Let p(y) = y**2 - 58098*y - 2092815. Give p(-36).
9
Let h(o) = 34800*o**2 - 974407*o + 205. Calculate h(28).
9
Let o(b) = -3249*b - 272949. Calculate o(-84).
-33
Let y(z) = -19*z**2 - 927*z + 4245. Determine y(-53).
5
Let x(o) = o**3 + 21*o**2 - 77*o - 2030. Determine x(-21).
-413
Let d(a) = -104*a + 5723. What is d(64)?
-933
Let u(y) = 113*y + 4947. Give u(-21).
2574
Let h(z) = -2991*z - 68815. What is h(-23)?
-22
Let g(x) = x**3 + 35*x**2 - 383*x - 11428. What is g(-37)?
5
Let p(v) = -176*v**2 + 13735*v + 41210. Determine p(-3).
-1579
Let c(l) = 146*l**2 + 303*l + 695. What is c(-6)?
4133
Let j(f) = -13*f**2 + 576*f - 103. Calculate j(44).
73
Let i(k) = 43409*k + 86830. Determine i(-2).
12
Let h(y) = -85*y + 2708. What is h(22)?
838
Let g(d) = d**3 + 33*d**2 - 110*d - 5321. Give g(-31).
11
Let a(t) = 2*t**3 + 9*t**2 + 62. Calculate a(-7).
-183
Let t(q) = -527288*q + 527287. Give t(1).
-1
Let o(n) = -131090*n - 9045213. Calculate o(-69).
-3
Let a(y) = 32830*y - 164160. Calculate a(5).
-10
Let f(p) = -1119*p**2 + 222680*p + 210. What is f(199)?
11
Let s(l) = 1036*l - 18628. Determine s(18).
20
Let o(q) = 108259*q - 866068. Determine o(8).
4
Let b(h) = 289*h**2 + 2150*h + 4282. Calculate b(-2).
1138
Let r(l) = 9372*l + 187432. Give r(-20).
-8
Let l(w) = w**3 + 34*w**2 + 1035*w + 37476. What is l(-35)?
26
Let d(a) = -a**2 - 259*a + 10969. Calculate d(37).
17
Let h(g) = -81*g - 2222. What is h(-49)?
1747
Let l(x) = -146*x - 24696. Determine l(-182).
1876
Let j(h) = -3*h**2 - 1467*h - 24021. Determine j(-17).
51
Let g(y) = 1824*y - 155037. Determine g(85).
3
Let w(p) = -16*p**3 - 212*p**2 - 8*p + 37. Determine w(-13).
-535
Let n(r) = 5*r**3 + 51*r**2 + 8*r - 127. Give n(-10).
-107
Let x(l) = l**3 + 13*l**2 - 6*l - 158. Give x(-14).
-270
Let n(q) = 56*q**2 - 1684*q - 1563. Determine n(31).
49
Let i(g) = 2*g**3 - 267*g**2 + 139*g - 613. Give i(133).
185
Let o(d) = -2*d**2 + 308*d + 5698. Calculate o(171).
-116
Let s(c) = -2*c**2 - 197*c - 2526. What is s(-15)?
-21
Let t(c) = 59*c**2 - 9436*c - 504. Calculate t(160).
136
Let c(j) = 7*j**2 - 8*j - 199. Give c(14).
1061
Let m(z) = -16*z**3 + 43*z**2 - 177*z + 23. What is m(3)?
-553
Let b(r) = -28*r**2 - 740*r - 283. Give b(-26).
29
Let w(d) = d**3 - 19*d**2 + 184*d - 2175. Give w(16).
1
Let a(s) = -s**3 - 68*s**2 - 1222*s - 2264. Determine a(-32).
-24
Let n(b) = -249*b**2 + 32124*b - 398. Calculate n(129).
-11
Let x(q) = -16789*q + 7252847. Give x(432).
-1
Let k(d) = -16*d**2 - 1601*d - 38090. Determine k(-61).
35
Let w(l) = -1101*l - 117688. Calculate w(-107).
119
Let b(c) = 13092*c - 4254906. Determine b(325).
-6
Let k(m) = -19536*m - 312583. Determine k(-16).
-7
Let r(t) = 63*t**3 - 21*t - 82. Determine r(-3).
-1720
Let f(m) = 31*m**2 + 3556*m - 4642. Determine f(-116).
-2
Let g(p) = -9*p**2 + 13726*p + 27481. Calculate g(-2).
-7
Let s(n) = -13*n**2 - 1652*n - 2598. What is s(-126)?
-834
Let n(d) = d**3 - 82*d**2 + 1732*d - 4074. Calculate n(47).
15
Let c(o) = -275*o**3 - 18*o**2 + 32*o - 13. What is c(1)?
-274
Let p(m) = -m**2 + 84891*m - 1612563. Calculate p(19).
5
Let v(j) = 38*j**2 + 13144*j - 1375. Determine v(-346).
9
Let x(k) = -1566*k - 142518. Calculate x(-91).
-12
Let y(r) = 52*r**2 + 6108*r + 8821. Determine y(-116).
5
Let n(c) = -41*c**3 - 1192*c**2 - 1217*c + 404. Calculate n(-28).
-16
Let d(o) = -234*o**2 - 10992*o + 280. Determine d(-47).
-2
Let z(v) = -11*v**2 - 1665*v - 7228. What is z(-147)?
-172
Let f(g) = -g**2 - 189*g + 111831. Give f(-442).
5
Let c(l) = -137*l**3 + 6*l**2 + 3*l - 20. What is c(2)?
-1086
Let b(a) = -49*a**2 - 3407*a + 1594. What is b(-70)?
-16
Let z(h) = 2*h**2 + 270*h - 1688. What is z(-141)?
4
Let y(c) = -34*c**2 + 500*c + 147. What is y(15)?
-3
Let o(g) = -227*g + 425. Calculate o(2).
-29
Let p(s) = -8046*s**2 + 144828*s - 3. What is p(18)?
-3
Let a(h) = 48793*h + 487888. Determine a(-10).
-42
Let p(d) = -59*d**2 - 1352*d - 5970. Calculate p(-6).
18
Let h(a) = 3*a**2 - 9902*a + 1623261. Give h(173).
2
Let m(b) = b**2 - 40598*b - 637. Determine m(0).
-637
Let p(v) = -v**3 - 235*v**2 + 10*v + 2477. Give p(-235).
127
Let x(c) = 105*c + 11482. Give x(-101).
877
Let f(p) = -p**3 - 2220*p**2 - 24272*p + 299. Give f(-11).
2
Let j(f) = -f**3 - 165*f**2 - 175*f - 1914. Calculate j(-164).
-110
Let i(u) = -270*u**2 + 27275*u - 515. Calculate i(101).
-10
Let m(d) = d**3 + 14*d**2 - 1538*d + 53. Calculate m(33).
482
Let f(w) = 31*w**2 + 1905*w + 19535. Give f(-13).
9
Let i(v) = -11*v**3 - 178*v**2 + 302*v - 120. Calculate i(1).
-7
Let j(v) = 2*v**3 + 111*v**2 + 1161*v + 100. What is j(-14)?
114
Let c(r) = -1189*r + 45151. Determine c(38).
-31
Let g(w) = -8*w**3 + 116*w**2 - 110*w + 243. Determine g(13).
841
Let s(p) = -180*p**2 + 1625*p + 19. Calculate s(9).
64
Let x(n) = 84*n**2 - 2060*n + 11032. Give x(8).
-72
Let q(f) = -1921*f - 218972. Determine q(-114).
22
Let n(x) = x**3 - 57*x**2 - 487*x + 3740. Determine n(5).
5
Let k(h) = -282*h - 41774. Give k(-148).
-38
Let o(q) = -q**2 - 177*q + 2829. Calculate o(14).
155
Let n(y) = -477*y**3 + 6*y**2 + 18